git of 13620?
0
What is the thousands digit of 1874?
1
What is the tens digit of 53870?
7
What is the thousands digit of 2204?
2
What is the tens digit of 19518?
1
What is the units digit of 4388?
8
What is the hundreds digit of 229?
2
What is the thousands digit of 38103?
8
What is the tens digit of 5957?
5
What is the units digit of 126?
6
What is the hundreds digit of 11744?
7
What is the thousands digit of 2322?
2
What is the units digit of 1023?
3
What is the hundreds digit of 4816?
8
What is the units digit of 1119?
9
What is the units digit of 3039?
9
What is the tens digit of 8849?
4
What is the units digit of 11193?
3
What is the tens digit of 43706?
0
What is the thousands digit of 9621?
9
What is the thousands digit of 7458?
7
What is the hundreds digit of 4016?
0
What is the ten thousands digit of 179497?
7
What is the units digit of 2986?
6
What is the thousands digit of 6414?
6
What is the hundreds digit of 1074?
0
What is the units digit of 8114?
4
What is the tens digit of 6273?
7
What is the thousands digit of 12582?
2
What is the hundreds digit of 398?
3
What is the units digit of 62750?
0
What is the tens digit of 6088?
8
What is the units digit of 1241?
1
What is the hundreds digit of 103882?
8
What is the hundreds digit of 99878?
8
What is the thousands digit of 1004?
1
What is the tens digit of 66?
6
What is the thousands digit of 2974?
2
What is the units digit of 81096?
6
What is the tens digit of 4376?
7
What is the tens digit of 3985?
8
What is the thousands digit of 3124?
3
What is the tens digit of 1887?
8
What is the hundreds digit of 21807?
8
What is the tens digit of 344?
4
What is the ten thousands digit of 111327?
1
What is the ten thousands digit of 26288?
2
What is the tens digit of 3815?
1
What is the units digit of 729?
9
What is the tens digit of 330?
3
What is the tens digit of 505?
0
What is the tens digit of 5059?
5
What is the thousands digit of 21454?
1
What is the thousands digit of 12449?
2
What is the tens digit of 1293?
9
What is the tens digit of 1405?
0
What is the thousands digit of 2167?
2
What is the thousands digit of 9248?
9
What is the units digit of 20099?
9
What is the tens digit of 3015?
1
What is the ten thousands digit of 48557?
4
What is the thousands digit of 38962?
8
What is the ten thousands digit of 14693?
1
What is the thousands digit of 9599?
9
What is the tens digit of 1126?
2
What is the hundreds digit of 11538?
5
What is the units digit of 6358?
8
What is the hundreds digit of 32783?
7
What is the hundreds digit of 4007?
0
What is the hundreds digit of 20948?
9
What is the units digit of 6544?
4
What is the hundreds digit of 260?
2
What is the hundreds digit of 15418?
4
What is the thousands digit of 3661?
3
What is the units digit of 8?
8
What is the units digit of 1365?
5
What is the tens digit of 27377?
7
What is the thousands digit of 15794?
5
What is the thousands digit of 3670?
3
What is the units digit of 990?
0
What is the hundreds digit of 50538?
5
What is the units digit of 29336?
6
What is the hundreds digit of 78556?
5
What is the units digit of 6036?
6
What is the units digit of 13380?
0
What is the units digit of 5151?
1
What is the thousands digit of 198384?
8
What is the tens digit of 4974?
7
What is the thousands digit of 25847?
5
What is the tens digit of 1133?
3
What is the ten thousands digit of 176901?
7
What is the tens digit of 128097?
9
What is the units digit of 7743?
3
What is the thousands digit of 3680?
3
What is the tens digit of 699?
9
What is the tens digit of 755?
5
What is the tens digit of 18964?
6
What is the thousands digit of 4454?
4
What is the tens digit of 37104?
0
What is the tens digit of 532?
3
What is the hundreds digit of 10615?
6
What is the tens digit of 7258?
5
What is the units digit of 698?
8
What is the units digit of 5839?
9
What is the hundreds digit of 3114?
1
What is the hundreds digit of 6472?
4
What is the thousands digit of 5788?
5
What is the hundreds digit of 2767?
7
What is the units digit of 26151?
1
What is the tens digit of 12776?
7
What is the units digit of 315?
5
What is the units digit of 890?
0
What is the units digit of 980?
0
What is the hundred thousands digit of 132156?
1
What is the tens digit of 3350?
5
What is the units digit of 2811?
1
What is the units digit of 175115?
5
What is the ten thousands digit of 30336?
3
What is the units digit of 7874?
4
What is the thousands digit of 15747?
5
What is the ten thousands digit of 30981?
3
What is the hundreds digit of 1851?
8
What is the hundreds digit of 2689?
6
What is the hundreds digit of 21756?
7
What is the thousands digit of 46555?
6
What is the tens digit of 1213?
1
What is the tens digit of 8252?
5
What is the thousands digit of 16845?
6
What is the hundreds digit of 716?
7
What is the tens digit of 8482?
8
What is the hundreds digit of 723?
7
What is the tens digit of 24758?
5
What is the thousands digit of 39971?
9
What is the units digit of 40244?
4
What is the thousands digit of 10524?
0
What is the tens digit of 26279?
7
What is the units digit of 18?
8
What is the tens digit of 1256?
5
What is the units digit of 4015?
5
What is the thousands digit of 4336?
4
What is the units digit of 14605?
5
What is the units digit of 2854?
4
What is the units digit of 28480?
0
What is the ten thousands digit of 13735?
1
What is the thousands digit of 48915?
8
What is the tens digit of 9150?
5
What is the units digit of 5801?
1
What is the tens digit of 744?
4
What is the hundreds digit of 2119?
1
What is the thousands digit of 41937?
1
What is the tens digit of 2007?
0
What is the tens digit of 67537?
3
What is the hundreds digit of 1540?
5
What is the tens digit of 2887?
8
What is the units digit of 237?
7
What is the units digit of 2336?
6
What is the ten thousands digit of 20916?
2
What is the tens digit of 1350?
5
What is the hundreds digit of 733?
7
What is the tens digit of 25030?
3
What is the units digit of 1181?
1
What is the units digit of 3163?
3
What is the hundreds digit of 379?
3
What is the tens digit of 853?
5
What is the thousands digit of 1160?
1
What is the units digit of 2641?
1
What is the hundreds digit of 829?
8
What is the thousands digit of 2000?
2
What is the thousands digit of 1834?
1
What is the units digit of 354?
4
What is the hundreds digit of 3695?
6
What is the units digit of 817?
7
What is the hundreds digit of 490?
4
What is the tens digit of 10786?
8
What is the units digit of 27898?
8
What is the ten thousands digit of 28494?
2
What is the units digit of 17870?
0
What is the tens digit of 5222?
2
What is the thousands digit of 2322?
2
What is the ten thousands digit of 38152?
3
What is the hundreds digit of 42369?
3
What is the hundreds digit of 46228?
2
What is the units digit of 8266?
6
What is the hundreds digit of 2149?
1
What is the units digit of 409?
9
What is the hundreds digit of 67727?
7
What is the tens digit of 63156?
5
What is the tens digit of 589?
8
What is the tens digit of 106?
0
What is the thousands digit of 28931?
8
What is the ten thousands digit of 10282?
1
What is the hundreds digit of 324?
3
What is the hundreds digit of 9599?
5
What is the thousands digit of 4362?
4
What is the units digit of 1351?
1
What is the hundreds digit of 46070?
0
What is the units digit of 468?
8
What is the tens digit of 112510?
1
What is the units digit of 3489?
9
What is the units digit of 978?
8
What is the tens digit of 3991?
9
What is the hundreds digit of 23771?
7
What is the thousands digit of 4751?
4
What is the units digit of 26693?
3
What is the units digit of 2336?
6
What is the tens digit of 269?
6
What is the thousands digit of 24233?
4
What is the ten thousands digit of 37211?
3
What is the units digit of 41659?
9
What is the units digit of 2318?
8
What is the units digit of 5467?
7
What is the hundreds digit of 15124?
1
What is the ten thousands digit of 31615?
3
What is the thousands digit of 17411?
7
What is the units digit of 65990?
0
What is the ten thousands digit of 22625?
2
What is the units digit of 4883?
3
What is the hundreds digit of 1842?
8
What is the units digit of 25138?
8
What is the tens digit of 5652?
5
What is the ten thousands digit of 61020?
6
What is the ten thousands digit of